t common factor of 150 and w.
30
Let r(h) = h**2 - 22*h - 162. Let o be r(28). What is the highest common factor of o and 183?
3
Suppose -2*o = t - 418, -3*o + 3*t = -221 - 415. What is the highest common factor of o and 126?
42
Let r(u) = 4*u + 150. Let h be r(30). What is the greatest common factor of 297 and h?
27
Suppose -f = -0*f. Suppose f*y + 5*y = -2*l + 210, y + 5*l = 42. Suppose 17*s - 14*s = 18. Calculate the highest common divisor of y and s.
6
Let u(z) = 5*z + 38. Let m be u(-5). Let k be ((-2860)/(-30))/(2/3). Calculate the highest common factor of m and k.
13
Suppose 2*a - 544 = -174. Let m be ((-1)/2)/(3/(-444)). What is the greatest common factor of a and m?
37
Let t(x) = -5*x + 57. Let r be t(0). Calculate the highest common factor of r and 1463.
19
Let u be ((-3)/3)/((-5)/(-450)*-2). What is the greatest common factor of 1665 and u?
45
Let t be 7 + (3 - 5) + 547. What is the greatest common divisor of 24 and t?
24
Suppose 3*b = -3 + 24. Suppose m - 4*x + b = 0, 0 = 3*m - x + 4 - 27. Suppose -25*u + 155 = -70. Calculate the highest common factor of m and u.
9
Let v = -565 + 795. Calculate the greatest common divisor of 10 and v.
10
Suppose 0 = 6*j - 145 - 263. Suppose -4*v = -74 + 6. What is the greatest common factor of v and j?
17
Suppose p + p + 5*z = 177, -p = z - 93. Calculate the highest common divisor of p and 912.
48
Let a be -4314*(-5)/135 + 2/9. What is the highest common divisor of a and 60?
20
Suppose -4*q = v - 101, 3*v + 176 = q + 492. Let y(m) = -779 + 766 + 0*m**2 + 6*m**2 + 2*m. Let x be y(-3). What is the highest common factor of x and v?
35
Let l(p) = 3*p**2 - 10*p + 3. Let n(x) = x + 1. Let j be 125/20 + (-2)/8. Let w be n(j). Let o be l(w). Calculate the greatest common factor of o and 10.
10
Let p = -298 + 347. What is the greatest common divisor of 35 and p?
7
Suppose 4*x + 304 = 5*n, -3*n - 13*x + 11*x + 178 = 0. What is the greatest common divisor of n and 45?
15
Let v = 30 + 488. Calculate the highest common divisor of v and 111.
37
Suppose -6*n + 20 = 4*n. Suppose -5*p - n*b = 126 - 475, p - 79 = -5*b. What is the greatest common factor of 23 and p?
23
Suppose 27 = -2*u + 5*u. Let t be (21/(-7))/((-3)/2). Let x be t*255/6 + -4. What is the highest common factor of x and u?
9
Let o(v) = v**2 + 11*v - 9. Let r be o(-12). Suppose -26 = -r*u + 58. Calculate the greatest common factor of 8 and u.
4
Let r(k) = 31*k**2 - 8*k - 2. Let q be r(-1). What is the highest common factor of 407 and q?
37
Let n(f) = -124*f + 500. Let k be n(4). What is the greatest common factor of 66 and k?
2
Let a(t) = t**2 + 5*t - 10. Let i be a(-7). Let d(m) = -m**2 + 5*m. Let s be d(i). Suppose s*q = 11 + 13. Calculate the highest common factor of q and 66.
6
Suppose -216 = -2*t - 0*t. Let v = 2 - -10. What is the greatest common divisor of t and v?
12
Let i(n) = 2*n**2 - 16*n - 48. Let z be i(11). Calculate the greatest common divisor of z and 2.
2
Let b = 1 + 4. Suppose -633 = -b*i - 138. Calculate the greatest common divisor of 9 and i.
9
Suppose 40*a - 50*a = -270. Calculate the highest common factor of a and 9.
9
Suppose -y - 3 = 0, -4*q + 4*y - 6 = -q. Let r(z) = -z**2 - 7*z + 12. Let m be r(q). Calculate the greatest common factor of 90 and m.
18
Let g(v) = v**3 - 26*v**2 - 21*v + 78. Let t be g(27). Calculate the highest common factor of t and 100.
20
Suppose 5*b + r - 31 = 0, -2*b - 5*r + r = 2. Let m(l) = l**3 - 3*l**2 - 4*l - 2. Let o be m(5). Calculate the greatest common divisor of b and o.
7
Suppose -3*w + 2*w = 2*a - 1205, 4*w - 3*a - 4875 = 0. What is the greatest common divisor of w and 135?
135
Let o = 902 - 807. Calculate the greatest common divisor of o and 35.
5
Let x = 13 - 12. Let s be (-21)/(x - (-1 + 3)). Suppose -17*q + s*q = 300. What is the greatest common factor of 25 and q?
25
Let a be 88/572 - 360/(-26). What is the highest common factor of a and 1022?
14
Let d(f) be the first derivative of 3*f + 3/2*f**2 + 5 + 2/3*f**3. Let p be d(-3). What is the highest common divisor of p and 84?
12
Suppose -w + 267 = z + 233, 2*z - 4*w - 98 = 0. Suppose -4*t + 2*d + 1712 = 0, 0 = -5*t - 2*d - 3*d + 2155. Calculate the greatest common divisor of z and t.
39
Let c(y) = y**2 - 32*y + 159. Let j be c(26). Calculate the greatest common factor of j and 87.
3
Let d be (7/(-14))/(3/(-144)). Suppose 4*q - 20 = -4*s, 4*q = 2*q - 3*s + 12. Let h be 48*(-2)/((-8)/q). Calculate the greatest common factor of h and d.
12
Let f(s) be the second derivative of 1/6*s**3 + 0 + 9*s + 25/2*s**2. Let x be f(-14). What is the highest common divisor of x and 77?
11
Suppose -m + 2 = 6, 2*c = -2*m + 82. Suppose -44 = -23*z + 71. Calculate the greatest common factor of z and c.
5
Let w be ((-3)/6)/(3/(-210)). Let z = w - 30. What is the highest common factor of z and 10?
5
Let d(l) = -167*l - 825. Let p be d(-6). What is the highest common divisor of 295 and p?
59
Let i = 17 - -46. Let q be 2/(-12) - 244/(-24). Let t(w) = w**2 - 8*w - 11. Let j be t(q). What is the highest common divisor of j and i?
9
Suppose -6*v - 76 - 68 = 0. Let h = -13 - v. What is the highest common factor of h and 88?
11
Let o = -136 - -305. Let q = o - 115. What is the highest common factor of 6 and q?
6
Let p(w) = 5 + w + 6*w**2 + 15*w - 8*w. Let c be p(-2). What is the highest common factor of 1 and c?
1
Let q = 8 - 3. Let w(f) = f**3 - 4*f**2 - 4*f + 5. Let g be w(q). Suppose 0 = -d - g + 40. Calculate the highest common divisor of d and 10.
10
Let x(b) = b**3 - 2*b**2 - b - 1. Let j be x(3). Suppose 0 = -j*v - 4 + 14. Calculate the highest common factor of v and 2.
2
Let c = -37 - -49. Let p be 3/((-18)/16)*(-99)/c. What is the highest common divisor of 22 and p?
22
Let b be ((-4)/(-12))/((-33)/(-15147)). Let f(i) = i**2 + i + 3. Let m be f(-3). What is the greatest common factor of m and b?
9
Let j(d) = 3*d**2 - 17*d - 11. Let z be j(13). Suppose -4*k + z = k. Calculate the greatest common factor of 11 and k.
11
Let u = -118 - -118. Suppose u = 10*a - a - 378. What is the highest common factor of 6 and a?
6
Suppose 0 = k - 5. Suppose 41*t = 38*t + 3. Calculate the greatest common divisor of t and k.
1
Suppose -4*q = 2*k - 184, -4*q + k + 102 = -94. Suppose -11056 = -157*g + 4016. Calculate the highest common factor of g and q.
48
Let q(u) = -2*u - 24. Let x be q(-20). Calculate the highest common factor of 432 and x.
16
Let y be (-4)/(-8)*46*2. Let k(c) = c**2 - 6. Let z be k(11). Calculate the highest common factor of z and y.
23
Let l(g) = -11*g + 8. Let o(d) = -32*d + 25. Let i(k) = -17*l(k) + 6*o(k). Let w be i(-9). Suppose 1 = 5*f - w. Calculate the highest common divisor of 6 and f.
6
Suppose 4*d = -2*f + 2694, 3*f + 2768 = 5*d - 627. What is the highest common divisor of 208 and d?
52
Let o = 13902 + -13822. Let j = -26 - -74. Calculate the highest common divisor of j and o.
16
Let h = 38 + 15. What is the highest common factor of h and 1?
1
Let k = -42 - -62. Suppose -3*t + k = -61. Calculate the greatest common divisor of 18 and t.
9
Let a(o) = -o**3 + 11*o**2 + 8*o + 9. Let l be a(7). Let d(u) = -u**3 - 2*u**2 + 11*u + 9. Let v be d(-5). Calculate the highest common divisor of l and v.
29
Suppose -480 = f - 5*f. Let r(t) = 24*t - 1128. Let y be r(48). Calculate the highest common factor of f and y.
24
Let r be (((-275)/(-10))/(-5))/((-2)/52). What is the greatest common factor of r and 26?
13
Suppose 0 = 4*v - 3*w + 17, 0 = 3*v - 2*w + 2 + 10. Let i be 403/9 - v/(-27)*-3. What is the highest common factor of i and 90?
45
Let i(m) = 2*m**2 - 4*m - 181. Let f be i(-11). What is the greatest common factor of f and 15?
15
Let v(s) = -8*s - 2. Let f be v(-2). Suppose 16 = i - 5*r - 25, -46 = -2*i + r. What is the greatest common factor of f and i?
7
Suppose -5*s - r + 27 = 9, 0 = 3*s + 3*r - 6. Suppose s*f + 0*f = 16. Suppose a - m = 14, f*a - 50 = 2*m + 12. What is the greatest common factor of 17 and a?
17
Suppose 7 = -2*n - 1. Let a be (-11)/n - 18/(-72). Suppose 3 = 2*m - a, 3*z - 426 = 5*m. Calculate the greatest common divisor of z and 21.
21
Suppose 10*m - 11 = 9. Let c be ((m/6)/(3/(-63)))/(-1). What is the greatest common factor of c and 7?
7
Let b(s) = 5*s + 13. Let m be b(-3). Let j be (-5726)/(-119) - m/(-17). Calculate the greatest co